a?
1
Suppose 0 = -4*l - 8, -4*l + 2*l = -2*w + 162. What is the units digit of w?
9
Let g(l) = l**2 - 18*l - 15. What is the units digit of g(19)?
4
Let b(v) = -v - 7 - 7*v**2 + v - 3*v - v**3 - 3*v. What is the units digit of b(-7)?
5
Let q = -49 - -75. What is the units digit of q?
6
Let c = 10 - -44. What is the units digit of c?
4
Let k(p) = -p**2 + 9*p + 3. Let l be k(9). Let q(w) = w**3 - 2*w**2 - w. What is the units digit of q(l)?
6
Let w(x) = x**2 - 2*x - 1. Let z be w(3). Suppose z*o = -o. Suppose -h + 3*h - 6 = o. What is the units digit of h?
3
Let p be ((-36)/3)/(-3) + -2. Let i = p + 16. What is the units digit of i?
8
Let i(r) = -r**2 + 5*r + 4. Let j be i(5). Let z = j - 3. Let v(c) = 13*c - 1. What is the tens digit of v(z)?
1
Suppose h + 0 = 12. What is the units digit of h?
2
Let n(p) = 37*p**3 - 2*p**2 + p. What is the tens digit of n(1)?
3
Suppose 0 = -3*b - 80 - 88. Let u = b + 81. Let w = u + -17. What is the units digit of w?
8
Let d = -94 + 118. What is the tens digit of d?
2
What is the hundreds digit of ((-44)/(-16) - 2)/(3/708)?
1
What is the tens digit of (0/5)/(-3) - 50*-1?
5
Suppose 2*x - 5*x = -30. Let a be (-42)/10 + (-5)/(-25). Let s = x - a. What is the units digit of s?
4
Let f = 149 - 93. What is the tens digit of f?
5
Let i be ((-3)/6)/((-1)/(-2)). Let b be i/(-4) + 23/4. Suppose -b = -6*y + 3*y. What is the units digit of y?
2
Suppose 2*u + 13 = 3*u. Suppose -4*c - u = 3*o, -2*o + 4 + 2 = -c. What is the units digit of o?
1
Suppose -3*f = -3*s - 135, 3*f + 3*s = f + 100. What is the units digit of f?
7
Let s = 0 + 4. Suppose -n = n + s*z - 6, -20 = 5*z. What is the units digit of n?
1
Suppose -5*h = c + 3*c - 8, 3*c + 9 = 0. Suppose 4*p = -5*v + 89, -20 - 18 = -2*v - h*p. What is the units digit of v?
7
Let n(w) = 8*w. Let j be n(-3). Let z = -17 - j. What is the units digit of z?
7
Suppose 7*h = 2*h - 5. Let x(p) = 9*p**2 - 1. Let n be x(h). Let z = 0 + n. What is the units digit of z?
8
Suppose 6 = 4*o - o. Suppose j - x + 3*x - 1 = 0, -3*x + 5 = o*j. What is the units digit of j?
7
What is the units digit of 1/((-80)/82 + 1)?
1
Suppose 0 = 2*n - 2, -5*u = -3*n + n - 228. What is the units digit of u?
6
Suppose 2*q - 36 = 6*q. What is the units digit of 2 + 6/q*-3?
4
Suppose 2*i + 2*i = 32. Let r = 28 - i. What is the tens digit of r?
2
Suppose 0*z - 16*z = -3360. What is the tens digit of z?
1
Let d be (2 - (3 - -1)) + 3. What is the units digit of 4*2/d + -2?
6
Let p be 1 + 1*(1 + 1). Suppose -f - 4 = -0. Let l = p - f. What is the units digit of l?
7
Let u = 49 - -47. What is the tens digit of u?
9
Suppose 12*o = 8*o. Suppose -4*y + 0*y + 4*m + 60 = o, 0 = 5*y - 4*m - 80. What is the tens digit of y?
2
Suppose 4*l + 8 = -3*u + u, 13 = -3*l + 2*u. What is the units digit of -3 - (6/(-2) + l)?
3
Let n(i) = -i**3 - 4*i**2 + 7*i + 5. Let r be n(-5). Let v(k) = 2*k. Let x(s) = -4*s + 1. Let w(b) = r*v(b) - 2*x(b). What is the units digit of w(-5)?
8
Let y(f) = 4*f - 3. Let l be y(4). Let u = 4 - -1. Suppose l = c + u. What is the units digit of c?
8
Suppose 0*s + 20 = 4*s. Let a = s - 4. What is the units digit of a?
1
Suppose 5*t - 92 = -3*r - 3, -3*r + 99 = 3*t. What is the units digit of r?
8
Suppose -3*u = -y - 459, u - 7*y = -3*y + 142. What is the hundreds digit of u?
1
Let q = -74 + 141. What is the tens digit of q?
6
Suppose 9 = 2*s - 1. Let o(k) = -k**2 + 6*k - 2. Let c be o(s). Suppose 3*d + 2*y - 13 = 0, 5*d - c*y + y = 11. What is the units digit of d?
3
Let f(t) = -158*t**3 + 6*t**2 - 6*t + 20. Let d(l) = -53*l**3 + 2*l**2 - 2*l + 7. Let s(v) = 17*d(v) - 6*f(v). What is the tens digit of s(1)?
4
Let y(v) = -v**3 + 12*v**2 + 2*v - 9. Let q be y(12). Let u = q - 23. Let p = 21 + u. What is the units digit of p?
3
Let b(z) = -z**2 + 4*z + 5. Let f be b(4). Suppose 0 = f*i + 8 - 38. What is the units digit of i?
6
What is the units digit of (3/4)/(3/12)?
3
Suppose 3*d - 6*d + y + 17 = 0, -5*d = -y - 27. Suppose 2*g + 2*k - 8 = 0, d*k - 2*k = -2*g + 10. What is the units digit of g?
2
Let o be ((-42)/(-35))/(2/5). Suppose -o*s - 2*s + c + 75 = 0, -s - 4*c = 6. What is the units digit of s?
4
Let q = -30 - 5. Let x = -15 - q. What is the units digit of x?
0
Let z be (-7)/(-2) - (-1)/2. Let j be 1 - 0/(6 + -3). Suppose -z = -p + j. What is the units digit of p?
5
Let k(o) = 15*o**3 - 14*o + 8. Let v(x) = 5*x**3 - 5*x + 3. Let w(l) = 4*k(l) - 11*v(l). Let g be w(-1). Let c = 16 + g. What is the units digit of c?
1
Let m = 2 + 1. Suppose -x = m, 3*l = 2*x - 4*x + 81. What is the tens digit of l?
2
Let y be -1*1*24/(-4). Suppose 2*d - 21 = -y*m + 3*m, 3*d = 4*m + 23. What is the units digit of d?
9
What is the units digit of (-12067)/(-55) + ((-9)/5)/(-3)?
0
Let p(r) = r**2 + 4*r + 11. What is the units digit of p(-8)?
3
Suppose -13*h = -10*h - 249. What is the units digit of h?
3
Let p = 2 + 65. What is the units digit of p?
7
Let a(t) = 158*t**2 - t - 2. What is the units digit of a(-1)?
7
Let n = 5 + -2. Suppose -3*c = -2*d + 7, 29 = -d + 5*d - n*c. What is the units digit of d?
1
Let h = -23 - -39. Let p = h + 2. What is the units digit of p?
8
Suppose 0 = 4*n - 0 - 40. What is the tens digit of n?
1
Let s(l) = l**2 - 3. What is the units digit of s(6)?
3
Suppose 71*h - 336 = 67*h. What is the units digit of h?
4
Let o be (2 - 4) + 7 + 0. Suppose o*k - 6 = 2*k. Suppose 2*n - 4*n + k*s = -14, -4*s - 12 = -2*n. What is the units digit of n?
8
Let i be (-3)/(5 - 2) + 4. Suppose 5*b - 2*b - x = 39, i = x. What is the units digit of b?
4
What is the units digit of (41 - 0) + (1 - -1)?
3
Suppose l - 3*l + 12 = 0. Suppose -3*p - 6 - l = 0. Let r = p - -8. What is the units digit of r?
4
Let m(y) = -5*y + 1. Let p be m(-4). Suppose -3*o + p = 3*t - 5*t, o = -t + 12. Suppose c - 7 = -v - 0*c, -3*c - o = -2*v. What is the units digit of v?
6
Let u be ((-1)/(-4))/((-1)/4). What is the units digit of 1 - u - (-1 - 0)?
3
Let d(b) = b**2 + 3*b + 6. Suppose -x - 5 = 2*r, -x = x - 4*r + 10. What is the units digit of d(x)?
6
Suppose 2 = -4*t + 6. Let w(l) = 28*l**3. What is the tens digit of w(t)?
2
Let q = -5 + -51. What is the tens digit of (2/4)/((-2)/q)?
1
Suppose -9 = y - 5*x - 336, -5*x + 1755 = 5*y. What is the tens digit of y?
4
Suppose -212 = -k - k. What is the hundreds digit of k?
1
Let y = -3 + 6. Suppose 0 = -y*k + 28 + 14. What is the tens digit of k?
1
Let d(z) = 18*z**2 + 2*z + 2. Let p be (3/(-6))/((-2)/(-4)). What is the units digit of d(p)?
8
Let q(m) = -m**2 - 2*m - 1. Let c be q(-3). Let a be (-6)/(-10) - 6/(-15). What is the units digit of -4*((-2)/c - a)?
2
Let j be 0 + -2 + 3 + 12. Let r = 0 + 0. Suppose r = 3*f - j - 17. What is the units digit of f?
0
Suppose 0 = -b + 1 + 2. What is the units digit of 1 - 6/(b/(-1))?
3
Let n be 2/4 + (-10)/(-4). Let k(j) be the first derivative of -j**3/3 + 3*j**2 - 4*j + 5. What is the units digit of k(n)?
5
Let m be 31/4 + (-2)/(-8). Let d be ((-6)/m)/(2/(-48)). Let t = 26 - d. What is the units digit of t?
8
Let g(l) = -21*l**3 - l**2. Let p be g(-1). Let n = p - 8. What is the units digit of n?
2
Let t(n) = -n**3 + 18*n**2 - 18*n - 23. What is the tens digit of t(16)?
0
Let g = 35 + -2. What is the units digit of g?
3
Suppose t + 0*t + 3 = 0. Let v be 2 - 1/(-1) - t. What is the units digit of 1 - (-3 + v) - -13?
1
Suppose z - 103 = -2*v, 121 = z + 5*v + 27. What is the units digit of z?
9
Let s be -14 + (-1 - -1)/3. Let o = -5 - s. What is the units digit of o?
9
Suppose -5*i + 4 = 4*y, -8 = -5*i - 7*y + 4*y. Let d = -5 + i. What is the units digit of ((-6)/(-2) - 1) + d?
1
Suppose -4*j + 8 = -2*j. Let a = -50 + 107. What is the units digit of a/21 + j/14?
3
Suppose 4*x + 39 = -37. Let o = x - -29. What is the tens digit of o?
1
Let c(m) = 3*m**2 - 15*m - 5. Let g(h) = -4*h**2 + 16*h + 6. Let u(i) = -5*c(i) - 4*g(i). What is the units digit of u(-12)?
3
Let p(u) = 2*u**3 + u - 1. Let d(h) = 2*h**3 - 3*h + 2. Let r be d(1). What is the units digit of p(r)?
2
Let j be ((-14)/(-21))/(1/3). Suppose -6*l + 368 = -j*l. Suppose d - 22 = -2*v, 0*d - l = -5*d - v. What is the units digit of d?
8
Let x = -41 + 36. Suppose 0 = -0*a + 3*a - 60. Let z = x + a. What is the units digit of z?
5
Let g(n) = 7*n**3 - 3*n**2 + 5. What is the tens digit of g(2)?
4
S